10
In base 9, what is -22 - 13031?
-13053
In base 3, what is 11001210 - -2221?
11011201
In base 15, what is 76 + -414?
-38d
In base 9, what is -5 - -12571?
12565
In base 13, what is 2 + 3311?
3313
In base 2, what is 100101000111011000 + 100011?
100101000111111011
In base 5, what is -4303312 - 13?
-4303330
In base 8, what is 12 - 10734?
-10722
In base 15, what is -2 + -61911?
-61913
In base 7, what is 56 - 62533?
-62444
In base 6, what is -2241100 + 100?
-2241000
In base 7, what is -2135 - 1061?
-3226
In base 12, what is 2124 + -16?
210a
In base 7, what is -153530 - -2?
-153525
In base 6, what is -201504 + 5?
-201455
In base 16, what is a - -aec?
af6
In base 15, what is -6 - -94410?
94409
In base 11, what is 3 - 46197?
-46194
In base 16, what is 2b - -32a?
355
In base 2, what is -100010011001110 + -100?
-100010011010010
In base 13, what is -3 + 98745?
98742
In base 8, what is -1242 + 625?
-415
In base 16, what is -3ad - 9c8?
-d75
In base 6, what is -21 - -113131?
113110
In base 8, what is 10740 - -7?
10747
In base 7, what is -25050 + -360?
-25440
In base 5, what is 0 - 2344410?
-2344410
In base 2, what is -1001000 + -11001101?
-100010101
In base 3, what is -1101221122212 + -2?
-1101221122221
In base 6, what is 3 - -30123432?
30123435
In base 9, what is 11 - 36763?
-36752
In base 15, what is 279db + 1?
279dc
In base 15, what is -2 + -5ed9?
-5edb
In base 13, what is -119 - -264a?
2531
In base 3, what is 112012 - 120?
111122
In base 2, what is 101 + 10100010100001?
10100010100110
In base 14, what is -233 + -1?
-234
In base 11, what is 10255 - -2a?
10284
In base 10, what is -8045 - -14?
-8031
In base 15, what is 35449 - 11?
35438
In base 3, what is -1120012 - 10010?
-1200022
In base 15, what is -2d1 - 2c?
-30d
In base 11, what is 4 + 30386?
3038a
In base 4, what is 122 + 1101100?
1101222
In base 7, what is -43620 + -3?
-43623
In base 11, what is 278 + -533?
-266
In base 7, what is -4 + -2563131?
-2563135
In base 12, what is a1358 - 5?
a1353
In base 6, what is -1 + -10530250?
-10530251
In base 6, what is 103 + -1501143?
-1501040
In base 13, what is 5a - 171?
-114
In base 3, what is -11122222212 - 11?
-11200000000
In base 13, what is -672 - 4?
-676
In base 11, what is 3 - -101089?
101091
In base 11, what is -a2149 + -1?
-a214a
In base 11, what is 6297 + 1?
6298
In base 8, what is 31104 - 7?
31075
In base 14, what is 1 + -7b9a?
-7b99
In base 7, what is -554 - -1330?
443
In base 2, what is 1 + 10000100010111111?
10000100011000000
In base 2, what is 11111011110111 + -10000110?
11111001110001
In base 14, what is -3 + -25ab7?
-25aba
In base 10, what is 1307 - -38?
1345
In base 7, what is 65 + -2115?
-2020
In base 2, what is -1110 - -110000011110001?
110000011100011
In base 7, what is -53 + 22441?
22355
In base 6, what is 15143 - 214?
14525
In base 11, what is 1076 - -26?
10a1
In base 16, what is e + 224d?
225b
In base 6, what is -12012103 - 4?
-12012111
In base 4, what is 1002001 + -32?
1001303
In base 9, what is 1343 - -67?
1421
In base 14, what is 2c + -376a?
-373c
In base 4, what is 11332 + -11002?
330
In base 12, what is -4 + 45b4?
45b0
In base 11, what is -6 - 262949?
-262954
In base 8, what is 3 + 372576?
372601
In base 15, what is 405 - -dc3?
12c8
In base 3, what is -212 - -11020002?
11012020
In base 2, what is -101001110010001001001 - 100?
-101001110010001001101
In base 15, what is -106dc0 - -1?
-106dbe
In base 14, what is 55 - 2170?
-2119
In base 8, what is 0 + 102006?
102006
In base 2, what is 101001 + 1101010011?
1101111100
In base 6, what is 150 + -4240?
-4050
In base 5, what is 111 - -10114002?
10114113
In base 6, what is 1351 + 40?
1431
In base 10, what is -92777 - 10?
-92787
In base 15, what is 0 + 16ac9?
16ac9
In base 15, what is 1 - -43178?
43179
In base 11, what is -4423 + 14?
-440a
In base 5, what is -4330040204 + 3?
-4330040201
In base 9, what is 17 - -38846?
38864
In base 13, what is ab1c + -2?
ab1a
In base 6, what is 1 - -3025400?
3025401
In base 7, what is 5563 + 13?
5606
In base 14, what is -4 + 2001?
1ddb
In base 4, what is -3023 - -311?
-2112
In base 12, what is -2 - 4a8?
-4aa
In base 10, what is -7 + -19802?
-19809
In base 3, what is -221222022220 - -10?
-221222022210
In base 10, what is 1 + 15459?
15460
In base 14, what is -12 + 114d7?
114c5
In base 14, what is -212 - aa?
-2bc
In base 7, what is 346 + 301?
650
In base 4, what is 33 + 121311101?
121311200
In base 7, what is 3 + -4212402?
-4212366
In base 16, what is -18d + -38b?
-518
In base 11, what is 709700 + 2?
709702
In base 4, what is -1 - 201101103?
-201101110
In base 7, what is 20653 + -25?
20625
In base 8, what is -326 + -564?
-1112
In base 14, what is c8 - -7a?
164
In base 9, what is 404 + -7604?
-7200
In base 4, what is 1 - -112110202?
112110203
In base 12, what is -2 + 1140b?
11409
In base 6, what is -3111 - 11300?
-14411
In base 7, what is -1145 + -653?
-2131
In base 4, what is 231102 - -10133?
301301
In base 2, what is -101000 - 11101111000?
-11110100000
In base 15, what is 9 - 1c930?
-1c926
In base 7, what is -35366 + -1?
-35400
In base 2, what is 1111011110100001 - -111?
1111011110101000
In base 15, what is 3117 - 11?
3106
In base 11, what is 25657 + 4?
25660
In base 9, what is 15 - -807?
823
In base 11, what is -1 - -564442?
564441
In base 3, what is 2101120 + -20222?
2010121
In base 12, what is -10169 - 39?
-101a6
In base 14, what is -40c5 - -1?
-40c4
In base 2, what is -100 - -11110000000100?
11110000000000
In base 15, what is 2c - e6d?
-e41
In base 14, what is -39b59 - -5?
-39b54
In base 4, what is 10122312123 - 11?
10122312112
In base 5, what is 1323402 + 10?
1323412
In base 16, what is -2d - 3736?
-3763
In base 16, what is -e + 64a?
63c
In base 13, what is aa522 - 4?
aa51b
In base 11, what is 0 - -1590a3?
1590a3
In base 13, what is -2 + -1318?
-131a
In base 4, what is -31313202 + 0?
-31313202
In base 9, what is 224 - -72?
306
In base 13, what is a640 + a?
a64a
In base 15, what is 8 + 488?
491
In base 2, what is -1001001100101101110011 + 1?
-1001001100101101110010
In base 15, what is -26 + -5024?
-504a
In base 16, what is 19cfd + -8?
19cf5
In base 8, what is 6 - -2364?
2372
In base 11, what is 566 - 45a?
107
In base 15, what is -dea - -7?
-de3
In base 11, what is 1284 + -18?
1267
In base 3, what is 22202 - 1021210?
-222001
In base 11, what is -72319 - -1?
-72318
In base 2, what is 1101111100110110 + 110?
1101111100111100
In base 10, what is 99 - 972?
-873
In base 11, what is 1796 + 58a?
2275
In base 11, what is 1758 - -4a?
17a7
In base 8, what is -11 + -2126?
-2137
In base 14, what is -29 - c8?
-113
In base 12, what is -5 + -2442?
-2447
In base 3, what is -10111 + -101022?
-111210
In base 12, what is 2447b4 + -a?
2447a6
In base 11, what is -1032 - 314?
-1346
In base 11, what is -3 + -5570?
-5573
In base 16, what is -2aa - c3?
-36d
In base 2, what is -110011001010111 + -1011?
-110011001100010
In base 10, what is -18 + 9660?
9642
In base 14, what is -16a + bb?
-8d
In base 16, what is -72b3 + -14?
-72c7
In base 15, what is -890ea + 5?
-890e5
In base 2, what is 100011101001100 + 1001?
100011101010101
In base 11, what is 0 + -55?
-55
In base 10, what is -13607 + -41?
-13648
In base 4, what is -11122333 - -210?
-11122123
In base 6, what is -30015 - -151?
-25424
In base 3, what is 2 - 20120210022?
-20120210020
In base 12, what is 3 + -5547?
-5544
In base 3, what is -202020220 + 111?
-202020102
In base 11, what is -5 - -16899?
16894
In base 10, what is -81 - 849?
-930
In base 7, what is 133 - -65?
231
In base 8, what is -3 + -12125?
-12130
In base 2, what is 10110110 + -1011011101?
-1000100111
In base 2, what is 1001101011011111 + 1110001?
1001101101010000
In base 7, what is -25224 - 6?
-25233
In base 3, what is 1 - 2000102?
-2000101
In base 13, what is -318b + 2b7?
-2ba4
In base 15, what is 15eeaa + -3?
15eea7
In base 15, what is -17 - 824?
-83b
In base 14, what is 1 - -29912?
29913
In base 2, what is 1 - -1011000100101110?
1011000100101111
In base 11, what is 997 - 778?
21a
In base 6, what is -115 + 512?
353
In base 5, what is 31 - 1113411?
-1113330
In base 6, what is -432 - 115?
-551
In base 6, what is -10 - 52041?
-52051
In base 2, what is 10011000 - -1011100001?
1101111001
In base 7, what is 2315 - 4?
2311
In base 4, what is 1231223 + -20?
1231203
In base 